{"id":333,"date":"2026-02-24T21:46:39","date_gmt":"2026-02-24T20:46:39","guid":{"rendered":"https:\/\/piscisclub.es\/?page_id=333"},"modified":"2026-02-24T21:47:45","modified_gmt":"2026-02-24T20:47:45","slug":"barbie-party","status":"publish","type":"page","link":"https:\/\/piscisclub.es\/?page_id=333","title":{"rendered":"Barbie Party"},"content":{"rendered":"\n<p>Lorem Ipsum has been the industry&#8217;s standard dummy text ever since the 1500s.<\/p>\n\n\n\nPiscis se transforma en Barbieland, pero no el de Mattel:<br>el nuestro, el queer, el libre, el exagerado, el que no pide permiso,<br>el que convierte cada tac\u00f3n en un manifiesto y cada pesta\u00f1a en un arma de construcci\u00f3n masiva de fantas\u00eda.<br>Una noche donde las Barbies no son perfectas:<br>son poderosas, diversas, trans, musculocas, maricas, bolleras, drags, mu\u00f1ecas rotas, mu\u00f1ecas nuevas, mu\u00f1ecas que se reinventan.<br>Y los Ken\u2026 bueno, los Ken vienen de atrezo.<br>Prep\u00e1rate para:<br>\u2728 Shows que har\u00edan llorar a Greta Gerwig<br>\u2728 Looks que desaf\u00edan la f\u00edsica, la moda y la moral<br>\u2728 Un Piscis convertido en un maldito sue\u00f1o rosa<br>\u2728 Un p\u00fablico que viene a jugar, posar y reinar<br>\u2728 Un ambiente donde la fantas\u00eda es ley y la verg\u00fcenza est\u00e1 prohibida por decreto<br>Porque esta noche no vienes a ser Barbie.<br>Vienes a ser TU Barbie.<br>La que siempre fuiste, la que nunca te dejaron, la que te inventaste, la que te mereces.<br>Y recuerda:<br>En Piscis, Barbie no vive en una casa de ensue\u00f1o\u2026 vive en una discoteca donde la m\u00fasica te hace levitar y el glitter no se quita ni con agua bendita.\n\n\n\n\n\n<p><\/p>\n","protected":false},"excerpt":{"rendered":"","protected":false},"author":4,"featured_media":0,"parent":218,"menu_order":0,"comment_status":"closed","ping_status":"closed","template":"","meta":{"pagelayer_contact_templates":[],"_pagelayer_content":"","_monsterinsights_skip_tracking":false,"_monsterinsights_sitenote_active":false,"_monsterinsights_sitenote_note":"","_monsterinsights_sitenote_category":0,"_uf_show_specific_survey":0,"_uf_disable_surveys":false,"ngg_post_thumbnail":0,"footnotes":""},"class_list":["post-333","page","type-page","status-publish","hentry"],"aioseo_notices":[],"_links":{"self":[{"href":"https:\/\/piscisclub.es\/index.php?rest_route=\/wp\/v2\/pages\/333","targetHints":{"allow":["GET"]}}],"collection":[{"href":"https:\/\/piscisclub.es\/index.php?rest_route=\/wp\/v2\/pages"}],"about":[{"href":"https:\/\/piscisclub.es\/index.php?rest_route=\/wp\/v2\/types\/page"}],"author":[{"embeddable":true,"href":"https:\/\/piscisclub.es\/index.php?rest_route=\/wp\/v2\/users\/4"}],"replies":[{"embeddable":true,"href":"https:\/\/piscisclub.es\/index.php?rest_route=%2Fwp%2Fv2%2Fcomments&post=333"}],"version-history":[{"count":1,"href":"https:\/\/piscisclub.es\/index.php?rest_route=\/wp\/v2\/pages\/333\/revisions"}],"predecessor-version":[{"id":336,"href":"https:\/\/piscisclub.es\/index.php?rest_route=\/wp\/v2\/pages\/333\/revisions\/336"}],"up":[{"embeddable":true,"href":"https:\/\/piscisclub.es\/index.php?rest_route=\/wp\/v2\/pages\/218"}],"wp:attachment":[{"href":"https:\/\/piscisclub.es\/index.php?rest_route=%2Fwp%2Fv2%2Fmedia&parent=333"}],"curies":[{"name":"wp","href":"https:\/\/api.w.org\/{rel}","templated":true}]}}